posite number?
False
Let z be 26*(-2 + 15/6). Suppose -9 = -g + 3*k, 2 = 3*g + 3*k - z. Is 62/3 + 2/g a composite number?
True
Let c(m) = -3*m**3 - m**2 + 1. Let y be c(-1). Suppose 4*b = -4*a + 28, y*b + 2*b - 53 = a. Is b/(-70) + (-520)/(-14) a composite number?
False
Let a be (2 + -4)*(-2)/4. Let k be -11*(-2)/a - 4. Let z = 109 - k. Is z prime?
False
Let l be 4/2 - (2 + 3). Is (-1150)/l - (-12)/(-9) a prime number?
False
Suppose 0*j = -5*j + 40. Suppose -i + 2*w + 8 = 0, 6 = 2*i - w - 4. Suppose 4*c + i*a - 328 = 0, -4*a + j*a = 12. Is c composite?
False
Suppose j - 184 - 3048 = -2*g, 0 = 2*j. Let d = -888 + g. Let u = -421 + d. Is u composite?
False
Let p(x) = -x + 6. Let w(s) = 2*s - 11. Let t(q) = -7*p(q) - 4*w(q). Let k be t(9). Is 584 + 1 + k + 9 composite?
False
Let g be ((-3708)/8)/(2/32). Let k be 1/(-5) + g/(-5). Suppose -255 + k = 4*z. Is z composite?
False
Suppose 2*z = -z + 156. Let f = z + 75. Is f prime?
True
Let n be (-48)/(-2)*(-54)/8. Suppose 15*t + 1995 = 12*t. Let g = n - t. Is g a prime number?
True
Let z(i) = 2*i**2 - 2*i + 1. Let n be z(1). Let a = n + 1. Suppose -2*r - 2*j = 2*j - 30, -a*r + 2*j = -54. Is r a prime number?
True
Let u(t) = -431*t + 112. Is u(-2) composite?
True
Suppose 4*k = -1066 + 2762. Let i = k + 55. Is i composite?
False
Suppose 2*a + x - 2 = 5*a, -4*x + 8 = 4*a. Suppose a*t - 9 = t - j, 13 = -3*t - 4*j. Let d(w) = 2*w**2 + 8*w - 9. Is d(t) prime?
False
Suppose 0 = 4*y + 2*f - 6857 + 971, 5*f = 2*y - 2913. Is y a prime number?
False
Is 2928 - 8/(-2)*(-115)/92 composite?
True
Let m = -115 - -79. Let w = 7 - m. Is w a composite number?
False
Is (16382/2)/(0 + 1) composite?
False
Suppose -17*t = -7*t - 16370. Is t prime?
True
Let j(d) = d**3 - d**2 - 2*d + 93. Suppose -8*a + 2*a = -7*a. Is j(a) composite?
True
Suppose 5*z - 3*r - 22 = 0, 5*z - 5*r - 5 - 25 = 0. Let i(k) = -k - 6. Let a be i(-10). Suppose 0 = -z*w + a*w - 982. Is w a prime number?
True
Suppose 105858 = 5*m - 3*z, 6*z = -2*m + 9*z + 42345. Is m prime?
False
Let l = 998 + 257. Is l a composite number?
True
Let i(a) = -27*a + 35 + 52*a - 97*a - 85*a. Is i(-18) a composite number?
False
Suppose -z = 2*s - 4, 2*z + 1 = 3*s + 2. Let n be 145 - ((-6)/(-3) + s). Suppose 4*d - n = -2*k - 0*d, 0 = 5*d + 15. Is k a prime number?
False
Let m = -588 - -1697. Let p = 1588 - m. Is p prime?
True
Let p = -167 - -224. Is p prime?
False
Let r(s) = -1968*s + 65. Is r(-6) composite?
True
Let r(g) = 6*g**3 - g**2 + 7*g - 5. Suppose 4*l + 27 = -5*c, 5*c + 5*l - 17 = 6*c. Let u be 9/6*-2 - c. Is r(u) a prime number?
False
Let q(i) = -i**2 + 1. Let x(k) = k**3 - 6*k**2 - 5*k + 8. Let p(g) = -4*q(g) + x(g). Let m(l) be the first derivative of p(l). Is m(-6) a composite number?
False
Suppose 0 = -7*y + 36 - 8. Suppose 75 = -l - 2*g + 322, -y*g = 5*l - 1247. Is l composite?
False
Is 5*-1 - (-2024 - -46) a composite number?
False
Suppose m - 12 = -3*q, 3*q + q - 16 = 4*m. Suppose -3*x - 4*s = -277 - 280, 5*s = q*x - 691. Suppose 5*p - x = -3*l, 34 + 15 = l - p. Is l composite?
False
Let w(d) = 1 + 18*d + 1 + 61*d. Is w(9) a composite number?
True
Let l(k) = 2*k - 12. Let v be l(7). Let w be (1/v)/(10/(-14740)). Let p = w + 1552. Is p a prime number?
False
Let d be 0/(12/((-16)/(-4))). Suppose -3*f - 2*z - 3*z + 25 = 0, f + 5*z - 25 = d. Suppose -2*o + 0*q + 173 = q, f = -4*o - 5*q + 331. Is o a composite number?
False
Suppose 0 = 2*w + 5*v - 18, v = 3*w - 0*v - 10. Suppose -22 = -w*f - 5*u + 822, u = -5*f + 1055. Is f a composite number?
False
Let l(j) = -167*j**2 + j - 4. Let g(s) = -250*s**2 + 2*s - 6. Let y(o) = 5*g(o) - 7*l(o). Let m be y(-4). Let h = -627 - m. Is h a composite number?
False
Let d(l) = 6*l**3 - 5*l**2 + 4*l - 2. Let o be (44/(-33))/((-4)/6). Suppose -o*s - 6 = -3*g, 2*s + 0*g + 4*g - 22 = 0. Is d(s) composite?
False
Suppose -2*g = 4*w - 18, 0*g - g + w = 0. Let o(u) = g*u - 5*u**2 - 2*u + 6*u**2 + 119. Is o(0) prime?
False
Suppose 39*f = 98*f - 687173. Is f composite?
True
Suppose 2*x + 15 = 7*x. Let j(r) = 421*r**3 + r. Let s be j(1). Suppose -k + 6 = 1, x*g - 5*k - s = 0. Is g prime?
True
Let o be ((-20)/(-3))/(1*(-8)/(-12)). Suppose -a = -2*w - 1 - o, 2*w - 54 = -4*a. Is a composite?
False
Is 31962 + -7 + (-3 - -5) a prime number?
True
Let n = 23 + -19. Suppose 2*a + 111 = 3*d + 3*a, -2*a = -n*d + 148. Is d composite?
False
Let p(v) = -v**3 + 9*v**2 + 5. Let w be p(9). Suppose -w*j = -j - 1640. Suppose -a + 6*a = j. Is a prime?
False
Is 1/3 + 396088/33 composite?
True
Let c(s) = -6 + 9 + 2*s + 6. Let i be c(-6). Is 0 + i + 4 - -286 composite?
True
Let p be 9/(-6) + (0 - 13/(-2)). Suppose 0 = p*a - 5*b - 355, -4*a + 175 = 2*b - 127. Is a a prime number?
False
Suppose 3*d = 3, -4*d = 3*i - 178861 - 55500. Is i a composite number?
True
Let y be (-1)/(4/(3 - 15)). Suppose -30 = 2*s + y*s. Is 4/s + 2093/39 a composite number?
False
Let b(y) = -187*y - 27. Is b(-2) a prime number?
True
Suppose 3*x = -2*m + 6830, 2534 - 19571 = -5*m + 2*x. Is m a composite number?
True
Suppose -3*a + 7*a - 4416 = 0. Suppose 4*y - 4*v = a, -2*v - 667 = -4*y + 433. Let t = 473 - y. Is t composite?
False
Suppose 9*p - 10*p = 5, 3*z = -2*p + 102917. Is z a prime number?
False
Suppose 2*c = -3*k + 4254, -2*k + 5*k + 6396 = 3*c. Suppose 4*p = -p + c. Suppose -3*s + 243 = -p. Is s a prime number?
True
Is 2/(-11) + (-27612)/(-132) a prime number?
False
Is 7/((-28)/(-8070))*12/18 a composite number?
True
Suppose -294 = -5*y + 201. Suppose 0 = -t + y + 764. Is t prime?
True
Suppose -3897 + 579 = -14*m. Suppose -4*z - m = -41017. Is z composite?
True
Suppose -3*j + 3*c + 8454 = 0, 3*j - 8452 = -c + 6*c. Is j a composite number?
False
Is (-5 + (-1171032)/(-30))/((-9)/(-15)) a prime number?
False
Suppose 0 = 15*n + 4*n - 19741. Is n a prime number?
True
Let r(l) = 9*l**2 - 4*l + 21. Suppose 4*a + 11 = 3*o - 12, -4*a - 28 = -4*o. Let t(p) = 4*p**2 - 2*p + 11. Let n(j) = o*t(j) - 2*r(j). Is n(9) a prime number?
True
Suppose -23 = -2*d - 3. Let s(v) = -v**3 + 9*v**2 + 12*v + 11. Let l be s(d). Suppose -l = -3*k + 4*h - 5*h, -5*k - 4*h = -47. Is k composite?
False
Suppose -3*i + 0*i = -6681. Let t be i + (0 + -2 - -2). Suppose 5*r - 298 = t. Is r a composite number?
True
Suppose 0 = -4*t + 7 + 5. Is 57/(-38)*(-52)/t prime?
False
Let s = 833 - 579. Is s a composite number?
True
Let s(n) = 7*n**2 - 20*n + 6. Let i be s(5). Is (4 - 28/8)*(-3 + i) a prime number?
False
Suppose -3*m = -g + 31, 0 = 3*g + 2*m - 84 + 2. Let z be (-107)/((-4 - 0)/g). Suppose -5*x = -746 - z. Is x a composite number?
True
Let t(c) = -1 - 5*c + c + 3*c. Let y be t(5). Let v(g) = -110*g - 5. Is v(y) prime?
False
Let p be 8 + -5 + -2 + 2. Suppose -p*o + 6995 = 2*o. Is o a composite number?
False
Let k be 5 + (-11 - -5) - 13. Suppose -5*u = -h - 375, 2*u + 101 = 3*u + 5*h. Let a = u + k. Is a prime?
False
Let s(c) = -6*c**3 + 2*c**2 + 16*c + 43. Is s(-6) prime?
False
Let q(y) = 2*y**2 + 6*y - 6. Let n(b) = b - 9. Let m be n(11). Let x be m/(-6) + (-28)/6. Is q(x) prime?
False
Let f(q) be the second derivative of q**4/4 - q**3/6 - 3*q**2/2 - 5*q. Let r(t) = t + 4. Let m be r(-9). Is f(m) prime?
False
Let g = 474 + 1357. Is g prime?
True
Let l = -85 - -103. Is 11126/7 + l/(-42) composite?
True
Let y(l) be the first derivative of 4*l**2 + 14/3*l**3 + 1/4*l**4 + 3 - 7*l. Is y(-12) a prime number?
False
Suppose -3*l = 3*d + 2*l - 19, 0 = l - 5. Is ((-3)/(6/d))/(5/5435) a composite number?
False
Let n = 49389 - 20900. Is n composite?
True
Let t(y) be the third derivative of 467*y**5/12 - y**4/24 - y**3/2 + 3*y**2. Is t(-1) composite?
False
Let b be ((-15)/100*-8)/(4/10). Is 1*((b - -4227 - 4) + 3) composite?
False
Suppose -10*p = -13*p + 2*p. Let i(m) = m**3 + m**2 + 4*m + 5. Let g be i(4). Suppose p = -3*v + g + 100. Is v composite?
False
Suppose 312 - 36 = 2*w - u, 4*w + u = 546. Suppose w*v - 4276 = 133*v. Is v a prime number?
True
Let b(u) = -10*u**2 - 1 + 11*u - 2 - u**3 + 7 + 2. Let p be b(-11). Let s = p - -31. Is s a prime number?
True
Suppose 1226 = n + m, 4*n - 2*m - 4898 = -4*m. Suppose 1713 = 2*w - 3*l, -2*w + 4*l = -495 - n. Suppose o - 2*f = 245, -3*o - 3*f + w - 150 = 0. Is o prime?
False
Let h(y) be the first derivative of y**2 + 284*y - 5. Let l be h(0). Let g = 663 - l. Is g prime?
True
Is 6/